Let m(f) = f**3 - 14*f**2 + 4. Let u be m(14). Suppose 0 = 14*o - u*o - 1600. List the prime factors of o.
2, 5
Let c = 74398 - 44380. What are the prime factors of c?
2, 3, 5003
Suppose -2 = 6*o - 38. Let q be 3*(40/o + -4). What are the prime factors of (610/(-15))/(q/(-12))?
61
Let r be (120/(-21) - -4)/((-2)/7). What are the prime factors of ((-12072)/(-18))/(4/r)?
2, 503
Suppose -v + 31217 = 3*m, -394*v - 41591 = -4*m - 389*v. What are the prime factors of m?
2, 3, 17
Suppose -j - 4*v + 390 + 17730 = 0, -5*j + 5*v + 90525 = 0. What are the prime factors of j?
2, 3, 503
Let c(w) = 371*w - 3142. What are the prime factors of c(64)?
2, 10301
Let h be (-11)/(-2 + (-22205)/(-11105)). Suppose -16*p + h = 3247. List the prime factors of p.
2, 331
Suppose 11*x - 910 = 13*x. Suppose -16*i - 16 = -272. What are the prime factors of (i/10)/((-14)/x)?
2, 13
Suppose -j - 2680 = -5*j. Suppose -2*c + 2 = -3*w, 0 = -17*c + 20*c + 5*w - 60. Suppose 5*g - 4*d = j, -5*d - 25 = -c*d. What are the prime factors of g?
2, 3, 23
Let a(d) = d + 43*d**2 + 6*d - 4*d - 41*d**2 - 81. What are the prime factors of a(-15)?
2, 3
Suppose -96497 = -7*b - 6743. What are the prime factors of b?
2, 3, 2137
Let d(i) = -671*i**2 + 3*i - 1. Let n(j) = -670*j**2 + 3*j - 2. Let z(x) = -4*d(x) + 3*n(x). Let r be z(-1). What are the prime factors of r/12 + 9/12?
3, 19
Suppose 26 - 2 = 4*y. Let j be 1 - (y/(-9))/((-2)/(-33)). Suppose -5 - j = -t. What are the prime factors of t?
17
Suppose -162471 = -81*f + 67*f + 127623. What are the prime factors of f?
3, 6907
Let v = -15 + 31. Let g be -1 + (6/4)/((-12)/v). What are the prime factors of (-116)/g + 5/((-45)/(-3))?
3, 13
Suppose 3*l - 23466 = 3*c, 4*l + 5*c = 14880 + 16354. What are the prime factors of l?
2, 977
Let u = 8553 + -3527. List the prime factors of u.
2, 7, 359
Let a(k) = -k**2 + 30*k - 2. Let v be a(30). What are the prime factors of (-1)/v*(275 - -51)?
163
Let r be (-6)/45 + (-41586)/(-45). Let l = -406 + r. List the prime factors of l.
2, 7, 37
Let z(m) = -10679*m**3 + 2*m**2 - 29*m - 29. List the prime factors of z(-1).
11, 971
Let c be 48 - ((-24)/4 - -3). Let r = c - 51. Suppose -y + 3 = r, 3*m = 2*m + 5*y + 36. List the prime factors of m.
3, 17
Let m(l) = 2*l**2 + 3*l - 51. Let d(g) = g**2 - 17*g + 56. Let j be d(8). What are the prime factors of m(j)?
7, 59
Suppose -15*r + 1083796 = 21106. What are the prime factors of r?
2, 35423
What are the prime factors of (4348/(-12))/((-2410)/(-345) - 7)?
23, 1087
Suppose 0 = 6*i - 2*i + 2*t - 26, t - 23 = -4*i. Let y = -525 - -525. Suppose y = -i*x + 2*x + 216. List the prime factors of x.
2, 3
Let v(p) = -216*p + 24. Let l be v(-15). List the prime factors of (18/(-14) - -1) + l/7.
2, 233
Let z = 122772 + -62281. List the prime factors of z.
241, 251
Let p be (-5)/(-15) + 202/6. Let o = 38 - p. Suppose 46 = o*q - j + 3*j, 0 = -3*q + j + 37. List the prime factors of q.
2, 3
Let m be (-44)/(-308) + 48/7. Let q(d) be the second derivative of d**4/4 - 5*d**3/3 - 3*d**2/2 + d. What are the prime factors of q(m)?
2, 37
Let f(s) = -2*s**3 - 28*s**2 - 32*s + 4. Let q be f(-19). Suppose 4*w - q = -12*g + 9*g, 5*w - 5276 = -3*g. What are the prime factors of w?
2, 17, 31
Let y = 212 + -214. Let c(o) = -89*o**3 - 9*o**2 - 16*o - 5. List the prime factors of c(y).
19, 37
Suppose 4*n = -i - 41, 5*n - 80 = -4*i + 8*i. Let g(s) = s**2 - 14*s - 91. What are the prime factors of g(i)?
2, 13, 17
Suppose 10*s - 419*s + 31*s + 5814018 = 0. List the prime factors of s.
3, 1709
Suppose -10*n = -8*n - 441 - 321. List the prime factors of n.
3, 127
What are the prime factors of ((352/6)/((-10)/48))/(4154/(-114235))?
2, 11
Suppose 24 + 6 = 15*j. Suppose -5*i + 17 = q, -j*q = 3*i - 8*i + 26. Suppose -i*o + 33 = -531. What are the prime factors of o?
3, 47
Let y = -1026 - -1341. List the prime factors of y.
3, 5, 7
Suppose -829356 - 350513 = -17*p - 184026. List the prime factors of p.
58579
Let b be ((-234)/(-156))/(1/2). Suppose -3*j + 733 = z - 47, 3 = -b*j. List the prime factors of z.
3, 29
Suppose -3*k - 148 = -166. Suppose k*u - 3713 = -983. List the prime factors of u.
5, 7, 13
Let d(w) = 88*w - 1239. List the prime factors of d(92).
6857
Let t(m) = 18*m - 43. Suppose s - 21 = -i, -3*s = -4*i + 21 + 84. What are the prime factors of t(i)?
389
Let y = 18 + -9. Suppose -4*b + 17 = -0*b + 3*g, 0 = -2*b + 2*g + 12. Suppose b*z + 208 = y*z. List the prime factors of z.
2, 13
Let x(h) be the second derivative of -7*h**3/6 + 13*h**2 + 4*h. Let m(n) = -6*n + 27. Let q(k) = 6*m(k) - 5*x(k). What are the prime factors of q(17)?
3, 5
Suppose -7*h - 68 = -355. Let r(g) = 0 + 0 - 5 + h*g - g**2 - 11*g. List the prime factors of r(27).
2, 19
Let h(k) = 3*k**3 - 18*k**2 + 29*k - 21. List the prime factors of h(16).
8123
Suppose 0 = -23*v + 7*v - 176. Let s be 8/(-44) - (-262)/v. What are the prime factors of (-8)/s + 2/((-12)/(-490))?
2, 41
Suppose -3*j + 12 = 0, 13643 + 7458 = b - 4*j. List the prime factors of b.
3, 7039
Let l(d) = d + 9. Let t be l(-6). Suppose -t*w + 2021 = -u, 0*u = 2*w - u - 1347. What are the prime factors of w?
2, 337
Let h be 594/44*(1 + 0 + 3). List the prime factors of (3380/(-25))/(-4 - h/(-15)).
2, 13
Suppose 29*b + 5*b - 27652 = 3*b. List the prime factors of b.
2, 223
Let m = 44190 + 7961. What are the prime factors of m?
11, 431
List the prime factors of (-4 - 5/15*-15)/1 + 10918.
61, 179
Let s = 40 + -29. Suppose 0 = -5*q + 59 + s. Suppose -32*c + 34*c - q = 0. What are the prime factors of c?
7
Let v = -641 + 646. Suppose 2*b = v*w - 7674, -4*w + 8353 = -2*b + 2213. What are the prime factors of w?
2, 13, 59
List the prime factors of ((-4)/(-10)*101370/(-9))/(56/(-168)).
2, 31, 109
Let t = -1007 + 4036. What are the prime factors of t?
13, 233
Let x = -29027 + 48102. What are the prime factors of x?
5, 7, 109
Let x = 2839 - 2835. Let j(r) = 3*r**3 - r**2 - 2*r**3 + 0*r**2 - 4. What are the prime factors of j(x)?
2, 11
Suppose -5682 - 11263 - 9485 = -10*l. What are the prime factors of l?
3, 881
Let o(w) = -3*w + 63. Let r be o(21). Suppose -37*l + 40*l - 402 = r. What are the prime factors of l?
2, 67
Suppose 161 = 12*x - 5*x. Suppose -4*k - 20 = -2*d, 0 = -2*d + 2*k + 3*k + x. Suppose 0 = 2*i - 3*i - 5*b + 244, d*i - 944 = -4*b. List the prime factors of i.
2, 3, 13
Suppose 3*x - 73006 = 219*l - 220*l, -4*x + 97344 = l. List the prime factors of x.
2, 43, 283
Let t be (3 - 1)/(-1 + 2). Suppose -2*n + 324 = 5*y, 34*y - 38*y - 5*n + 266 = 0. Suppose 2*o = 2*d + t*d + y, 0 = 5*d. What are the prime factors of o?
2
Suppose -2*q + 12016 = 3*g, 0 = -2*g + 16 - 24. What are the prime factors of q?
2, 31, 97
Suppose -j + 59 + 10 = -3*n, 5*n - 15 = 0. Let g = j - 68. Suppose -g*k = 2*k - 1860. List the prime factors of k.
5, 31
Let b(v) = 204*v**2 - 7*v - 72. What are the prime factors of b(9)?
3, 607
Let u(v) = v**3 + 5*v**2 + 3*v - 1. Let y be u(-3). Let q = 7 - y. What are the prime factors of (-1)/(q*3/279)?
3, 31
Let m = -41017 + 73324. What are the prime factors of m?
3, 11, 89
Let m = -6049 - -18921. List the prime factors of m.
2, 1609
Let h(u) = -10*u - 90. Let m be h(-10). Suppose m = 2*i, -619 = -2*z - 27*i + 30*i. What are the prime factors of z?
317
Let c = 234 - -342. List the prime factors of (-3 + -2)/(-2*6/c).
2, 3, 5
Let u be 17/(-3) + (-2)/6. Let g = -2219 - -2369. Let x = g - u. List the prime factors of x.
2, 3, 13
Let f(y) = 245*y**2 + y. Let m(r) = -r**2 - r. Suppose 5*q = 2*i + 9, 5*q + 3 = -i + 6. Let h(j) = q*f(j) + 4*m(j). List the prime factors of h(1).
2, 7, 17
Suppose 2 = b, -4*q + 2 = -2*q - 2*b. Suppose -2*j + q*j = 17. Suppose 18*t - 71 = j*t. List the prime factors of t.
71
Let l(r) = 52*r**2 - 11*r - 18. What are the prime factors of l(-2)?
2, 53
Let u(a) = -41*a**2 - 1. Let h be u(-1). Let b(p) = -p**2 - 41*p + 214. Let t be b(-44). Let q = h + t. What are the prime factors of q?
2, 5
Let t = -107 + 119. List the prime factors of (1720/t - 0)*3.
2, 5, 43
Suppose -n - 9 = -14, -2*n - 45430 = -4*k. List the prime factors of k.
2, 5, 71
Let c(d) = 111*d**2. Let o be c(1). Let r = o - 241. Let p = r - -184. List the prime factors of p.
2, 3
Let v = -518 + 741. Suppose 3*m - 433 + 88 = 0. Let z = v - m. What are the prime factors of z?
2, 3